{"id":1243,"date":"2017-10-30T18:23:54","date_gmt":"2017-10-30T17:23:54","guid":{"rendered":"http:\/\/www.grupposcada.it\/scada\/?page_id=1243"},"modified":"2023-03-22T18:23:43","modified_gmt":"2023-03-22T17:23:43","slug":"sponsor","status":"publish","type":"page","link":"https:\/\/www.grupposcada.it\/scada\/sponsor\/","title":{"rendered":"Sponsor"},"content":{"rendered":"<div class=\"flex_column av_one_full  flex_column_div av-zero-column-padding first  avia-builder-el-0  el_before_av_gallery  avia-builder-el-first  \" style='border-radius:0px; '><p><div  style='padding-bottom:10px; font-size:50px;' class='av-special-heading av-special-heading-h1  blockquote modern-quote modern-centered  avia-builder-el-1  el_before_av_hr  avia-builder-el-first  av-inherit-size '><h1 class='av-special-heading-tag '  itemprop=\"headline\"  >sponsor<\/h1><div class='special-heading-border'><div class='special-heading-inner-border' ><\/div><\/div><\/div><br \/>\n<div   class='hr hr-default   avia-builder-el-2  el_after_av_heading  el_before_av_textblock '><span class='hr-inner ' ><span class='hr-inner-style'><\/span><\/span><\/div><br \/>\n<section class=\"av_textblock_section \"  itemscope=\"itemscope\" itemtype=\"https:\/\/schema.org\/CreativeWork\" ><div class='avia_textblock  '   itemprop=\"text\" ><h4 style=\"text-align: center;\">Il Gruppo Scada ha svolto e continua a svolgere un ruolo importante nel sostegno di realt\u00e0 sportive promotrici di valori sani sia per i ragazzi pi\u00f9 piccoli che per quelli pi\u00f9 grandi.<\/h4>\n<h4 style=\"text-align: center;\">Le nostre partnership spaziano dal mondo dello sport ad eventi di particolare rilevanza per il territorio.<\/h4>\n<h4 style=\"text-align: center;\">Qui sotto troverete le gallery con tutte le attivazioni delle sponsorship intraprese negli ultimi anni.<\/h4>\n<\/div><\/section><br \/>\n<div  style='padding-bottom:10px; ' class='av-special-heading av-special-heading-h2  blockquote modern-quote modern-centered  avia-builder-el-4  el_after_av_textblock  el_before_av_gallery  '><h2 class='av-special-heading-tag '  itemprop=\"headline\"  >GRAN CARNEVALE CREMASCO &#8211; FEBBRAIO 2023<\/h2><div class='special-heading-border'><div class='special-heading-inner-border' ><\/div><\/div><\/div><br \/>\n<div  class='avia-gallery  avia-gallery-1 deactivate_avia_lazyload avia-gallery-animate avia_animate_when_visible  avia-builder-el-5  el_after_av_heading  el_before_av_heading '  itemprop=\"image\" itemscope=\"itemscope\" itemtype=\"https:\/\/schema.org\/ImageObject\" ><div class='avia-gallery-thumb'> <a href='https:\/\/www.grupposcada.it\/scada\/wp-content\/uploads\/2023\/03\/Sponsor.Gruppo.Scada_.per_.GranCarnevaleCremasco.png' data-rel='gallery-1' data-prev-img='https:\/\/www.grupposcada.it\/scada\/wp-content\/uploads\/2023\/03\/Sponsor.Gruppo.Scada_.per_.GranCarnevaleCremasco-495x320.png' class='first_thumb lightbox ' data-onclick='1' title='Gran Carnevale Cremasco '  itemprop=\"thumbnailUrl\"  ><img class=\"wp-image-2425 avia-img-lazy-loading-not-2425\"  data-avia-tooltip='Gran Carnevale Cremasco ' src=\"https:\/\/www.grupposcada.it\/scada\/wp-content\/uploads\/2023\/03\/Sponsor.Gruppo.Scada_.per_.GranCarnevaleCremasco.png\" width=\"640\" height=\"320\"  title='Sponsor.Gruppo.Scada.per.GranCarnevaleCremasco' alt='' srcset=\"https:\/\/www.grupposcada.it\/scada\/wp-content\/uploads\/2023\/03\/Sponsor.Gruppo.Scada_.per_.GranCarnevaleCremasco.png 640w, https:\/\/www.grupposcada.it\/scada\/wp-content\/uploads\/2023\/03\/Sponsor.Gruppo.Scada_.per_.GranCarnevaleCremasco-300x150.png 300w\" sizes=\"(max-width: 640px) 100vw, 640px\" \/><\/a><\/div><\/div><br \/>\n<div  style='padding-bottom:5px; ' class='av-special-heading av-special-heading-h2  blockquote modern-quote modern-centered  avia-builder-el-6  el_after_av_gallery  el_before_av_gallery  '><h2 class='av-special-heading-tag '  itemprop=\"headline\"  >Palabertoni Crema &#8211; Stagioni 2021-2022 \/ 2022-2023<\/h2><div class='special-heading-border'><div class='special-heading-inner-border' ><\/div><\/div><\/div><br \/>\n<div  class='avia-gallery  avia-gallery-2 deactivate_avia_lazyload avia-gallery-animate avia_animate_when_visible  avia-builder-el-7  el_after_av_heading  el_before_av_heading '  itemprop=\"image\" itemscope=\"itemscope\" itemtype=\"https:\/\/schema.org\/ImageObject\" ><div class='avia-gallery-thumb'> <a href='https:\/\/www.grupposcada.it\/scada\/wp-content\/uploads\/2023\/02\/Palabertoni.31.10.2021-1030x773.jpg' data-rel='gallery-2' data-prev-img='https:\/\/www.grupposcada.it\/scada\/wp-content\/uploads\/2023\/02\/Palabertoni.31.10.2021-495x400.jpg' class='first_thumb lightbox ' data-onclick='1' title='Palabertoni Crema'  itemprop=\"thumbnailUrl\"  ><img class=\"wp-image-2309 avia-img-lazy-loading-not-2309\"  data-avia-tooltip='Palabertoni Crema' src=\"https:\/\/www.grupposcada.it\/scada\/wp-content\/uploads\/2023\/02\/Palabertoni.31.10.2021-845x684.jpg\" width=\"845\" height=\"684\"  title='Palabertoni.31.10.2021.Scada' alt='' srcset=\"https:\/\/www.grupposcada.it\/scada\/wp-content\/uploads\/2023\/02\/Palabertoni.31.10.2021-845x684.jpg 845w, https:\/\/www.grupposcada.it\/scada\/wp-content\/uploads\/2023\/02\/Palabertoni.31.10.2021-495x400.jpg 495w\" sizes=\"(max-width: 845px) 100vw, 845px\" \/><\/a> <a href='https:\/\/www.grupposcada.it\/scada\/wp-content\/uploads\/2023\/02\/Palabertoni.31.10.2021.4-1030x773.jpg' data-rel='gallery-2' data-prev-img='https:\/\/www.grupposcada.it\/scada\/wp-content\/uploads\/2023\/02\/Palabertoni.31.10.2021.4-495x400.jpg' class='lightbox ' data-onclick='2' title='Palabertoni Crema'  itemprop=\"thumbnailUrl\"  ><img class=\"wp-image-2308 avia-img-lazy-loading-not-2308\"  data-avia-tooltip='Palabertoni Crema' src=\"https:\/\/www.grupposcada.it\/scada\/wp-content\/uploads\/2023\/02\/Palabertoni.31.10.2021.4-845x684.jpg\" width=\"845\" height=\"684\"  title='Palabertoni.31.10.2021.Scada' alt='' srcset=\"https:\/\/www.grupposcada.it\/scada\/wp-content\/uploads\/2023\/02\/Palabertoni.31.10.2021.4-845x684.jpg 845w, https:\/\/www.grupposcada.it\/scada\/wp-content\/uploads\/2023\/02\/Palabertoni.31.10.2021.4-495x400.jpg 495w\" sizes=\"(max-width: 845px) 100vw, 845px\" \/><\/a> <a href='https:\/\/www.grupposcada.it\/scada\/wp-content\/uploads\/2023\/02\/Palabertoni.31.10.2021.3-1030x773.jpg' data-rel='gallery-2' data-prev-img='https:\/\/www.grupposcada.it\/scada\/wp-content\/uploads\/2023\/02\/Palabertoni.31.10.2021.3-495x400.jpg' class='lightbox ' data-onclick='3' title='Palabertoni Crema'  itemprop=\"thumbnailUrl\"  ><img class=\"wp-image-2307 avia-img-lazy-loading-not-2307\"  data-avia-tooltip='Palabertoni Crema' src=\"https:\/\/www.grupposcada.it\/scada\/wp-content\/uploads\/2023\/02\/Palabertoni.31.10.2021.3-845x684.jpg\" width=\"845\" height=\"684\"  title='Palabertoni.31.10.2021.Scada' alt='' srcset=\"https:\/\/www.grupposcada.it\/scada\/wp-content\/uploads\/2023\/02\/Palabertoni.31.10.2021.3-845x684.jpg 845w, https:\/\/www.grupposcada.it\/scada\/wp-content\/uploads\/2023\/02\/Palabertoni.31.10.2021.3-495x400.jpg 495w\" sizes=\"(max-width: 845px) 100vw, 845px\" \/><\/a> <a href='https:\/\/www.grupposcada.it\/scada\/wp-content\/uploads\/2023\/02\/Palabertoni.31.10.2021.2-1030x773.jpg' data-rel='gallery-2' data-prev-img='https:\/\/www.grupposcada.it\/scada\/wp-content\/uploads\/2023\/02\/Palabertoni.31.10.2021.2-495x400.jpg' class='lightbox ' data-onclick='4' title='Palabertoni Crema'  itemprop=\"thumbnailUrl\"  ><img class=\"wp-image-2306 avia-img-lazy-loading-not-2306\"  data-avia-tooltip='Palabertoni Crema' src=\"https:\/\/www.grupposcada.it\/scada\/wp-content\/uploads\/2023\/02\/Palabertoni.31.10.2021.2-845x684.jpg\" width=\"845\" height=\"684\"  title='Palabertoni.31.10.2021.Scada.' alt='' srcset=\"https:\/\/www.grupposcada.it\/scada\/wp-content\/uploads\/2023\/02\/Palabertoni.31.10.2021.2-845x684.jpg 845w, https:\/\/www.grupposcada.it\/scada\/wp-content\/uploads\/2023\/02\/Palabertoni.31.10.2021.2-495x400.jpg 495w\" sizes=\"(max-width: 845px) 100vw, 845px\" \/><\/a><\/div><\/div><br \/>\n<div  style='padding-bottom:10px; ' class='av-special-heading av-special-heading-h2  blockquote modern-quote modern-centered  avia-builder-el-8  el_after_av_gallery  avia-builder-el-last  '><h2 class='av-special-heading-tag '  itemprop=\"headline\"  >Basket School Offanengo &#8211; 2017<\/h2><div class='special-heading-border'><div class='special-heading-inner-border' ><\/div><\/div><\/div><\/p><\/div><div  class='avia-gallery  avia-gallery-3 deactivate_avia_lazyload avia-gallery-animate avia_animate_when_visible  avia-builder-el-9  el_after_av_one_full  avia-builder-el-last '  itemprop=\"image\" itemscope=\"itemscope\" itemtype=\"https:\/\/schema.org\/ImageObject\" ><div class='avia-gallery-thumb'> <a href='https:\/\/www.grupposcada.it\/scada\/wp-content\/uploads\/2017\/10\/sponsor-5-1030x773.jpg' data-rel='gallery-3' data-prev-img='https:\/\/www.grupposcada.it\/scada\/wp-content\/uploads\/2017\/10\/sponsor-5-495x400.jpg' class='first_thumb lightbox ' data-onclick='1' title='Bascket School Offanengo'  itemprop=\"thumbnailUrl\"  ><img class=\"wp-image-1254 avia-img-lazy-loading-not-1254\"  data-avia-tooltip='Bascket School Offanengo' src=\"https:\/\/www.grupposcada.it\/scada\/wp-content\/uploads\/2017\/10\/sponsor-5-845x684.jpg\" width=\"845\" height=\"684\"  title='sponsor 5' alt='' srcset=\"https:\/\/www.grupposcada.it\/scada\/wp-content\/uploads\/2017\/10\/sponsor-5-845x684.jpg 845w, https:\/\/www.grupposcada.it\/scada\/wp-content\/uploads\/2017\/10\/sponsor-5-495x400.jpg 495w\" sizes=\"(max-width: 845px) 100vw, 845px\" \/><\/a> <a href='https:\/\/www.grupposcada.it\/scada\/wp-content\/uploads\/2017\/10\/sponsor-3-1030x773.jpg' data-rel='gallery-3' data-prev-img='https:\/\/www.grupposcada.it\/scada\/wp-content\/uploads\/2017\/10\/sponsor-3-495x400.jpg' class='lightbox ' data-onclick='2' title='Bascket School Offanengo Scada'  itemprop=\"thumbnailUrl\"  ><img class=\"wp-image-1251 avia-img-lazy-loading-not-1251\"  data-avia-tooltip='Bascket School Offanengo Scada' src=\"https:\/\/www.grupposcada.it\/scada\/wp-content\/uploads\/2017\/10\/sponsor-3-845x684.jpg\" width=\"845\" height=\"684\"  title='sponsor 3' alt='' srcset=\"https:\/\/www.grupposcada.it\/scada\/wp-content\/uploads\/2017\/10\/sponsor-3-845x684.jpg 845w, https:\/\/www.grupposcada.it\/scada\/wp-content\/uploads\/2017\/10\/sponsor-3-495x400.jpg 495w\" sizes=\"(max-width: 845px) 100vw, 845px\" \/><\/a> <a href='https:\/\/www.grupposcada.it\/scada\/wp-content\/uploads\/2017\/10\/sponsor-2-1030x773.jpg' data-rel='gallery-3' data-prev-img='https:\/\/www.grupposcada.it\/scada\/wp-content\/uploads\/2017\/10\/sponsor-2-495x400.jpg' class='lightbox ' data-onclick='3' title='Bascket School Offanengo Scada'  itemprop=\"thumbnailUrl\"  ><img class=\"wp-image-1250 avia-img-lazy-loading-not-1250\"  data-avia-tooltip='Bascket School Offanengo Scada' src=\"https:\/\/www.grupposcada.it\/scada\/wp-content\/uploads\/2017\/10\/sponsor-2-845x684.jpg\" width=\"845\" height=\"684\"  title='sponsor 2' alt='' srcset=\"https:\/\/www.grupposcada.it\/scada\/wp-content\/uploads\/2017\/10\/sponsor-2-845x684.jpg 845w, https:\/\/www.grupposcada.it\/scada\/wp-content\/uploads\/2017\/10\/sponsor-2-495x400.jpg 495w\" sizes=\"(max-width: 845px) 100vw, 845px\" \/><\/a> <a href='https:\/\/www.grupposcada.it\/scada\/wp-content\/uploads\/2017\/10\/sponsor-1-1030x773.jpg' data-rel='gallery-3' data-prev-img='https:\/\/www.grupposcada.it\/scada\/wp-content\/uploads\/2017\/10\/sponsor-1-495x400.jpg' class='lightbox ' data-onclick='4' title='Bascket School Offanengo Scada'  itemprop=\"thumbnailUrl\"  ><img class=\"wp-image-1249 avia-img-lazy-loading-not-1249\"  data-avia-tooltip='Bascket School Offanengo Scada' src=\"https:\/\/www.grupposcada.it\/scada\/wp-content\/uploads\/2017\/10\/sponsor-1-845x684.jpg\" width=\"845\" height=\"684\"  title='sponsor 1' alt='' srcset=\"https:\/\/www.grupposcada.it\/scada\/wp-content\/uploads\/2017\/10\/sponsor-1-845x684.jpg 845w, https:\/\/www.grupposcada.it\/scada\/wp-content\/uploads\/2017\/10\/sponsor-1-495x400.jpg 495w\" sizes=\"(max-width: 845px) 100vw, 845px\" \/><\/a> <a href='https:\/\/www.grupposcada.it\/scada\/wp-content\/uploads\/2017\/10\/sponsor-1030x773.jpg' data-rel='gallery-3' data-prev-img='https:\/\/www.grupposcada.it\/scada\/wp-content\/uploads\/2017\/10\/sponsor-495x400.jpg' class='lightbox ' data-onclick='5' title='Bascket School Offanengo Scada'  itemprop=\"thumbnailUrl\"  ><img class=\"wp-image-1248 avia-img-lazy-loading-not-1248\"  data-avia-tooltip='Bascket School Offanengo Scada' src=\"https:\/\/www.grupposcada.it\/scada\/wp-content\/uploads\/2017\/10\/sponsor-845x684.jpg\" width=\"845\" height=\"684\"  title='sponsor' alt='' srcset=\"https:\/\/www.grupposcada.it\/scada\/wp-content\/uploads\/2017\/10\/sponsor-845x684.jpg 845w, https:\/\/www.grupposcada.it\/scada\/wp-content\/uploads\/2017\/10\/sponsor-495x400.jpg 495w\" sizes=\"(max-width: 845px) 100vw, 845px\" \/><\/a> <a href='https:\/\/www.grupposcada.it\/scada\/wp-content\/uploads\/2017\/10\/sponsor-7-1030x489.jpg' data-rel='gallery-3' data-prev-img='https:\/\/www.grupposcada.it\/scada\/wp-content\/uploads\/2017\/10\/sponsor-7-495x400.jpg' class='first_thumb lightbox ' data-onclick='6' title='Bascket School Offanengo Scada'  itemprop=\"thumbnailUrl\"  ><img class=\"wp-image-1247 avia-img-lazy-loading-not-1247\"  data-avia-tooltip='Bascket School Offanengo Scada' src=\"https:\/\/www.grupposcada.it\/scada\/wp-content\/uploads\/2017\/10\/sponsor-7-845x684.jpg\" width=\"845\" height=\"684\"  title='sponsor 7' alt='' srcset=\"https:\/\/www.grupposcada.it\/scada\/wp-content\/uploads\/2017\/10\/sponsor-7-845x684.jpg 845w, https:\/\/www.grupposcada.it\/scada\/wp-content\/uploads\/2017\/10\/sponsor-7-495x400.jpg 495w\" sizes=\"(max-width: 845px) 100vw, 845px\" \/><\/a> <a href='https:\/\/www.grupposcada.it\/scada\/wp-content\/uploads\/2017\/10\/sponsor-4-1030x773.jpg' data-rel='gallery-3' data-prev-img='https:\/\/www.grupposcada.it\/scada\/wp-content\/uploads\/2017\/10\/sponsor-4-495x400.jpg' class='lightbox ' data-onclick='7' title='Bascket School Offanengo Scada'  itemprop=\"thumbnailUrl\"  ><img class=\"wp-image-1253 avia-img-lazy-loading-not-1253\"  data-avia-tooltip='Bascket School Offanengo Scada' src=\"https:\/\/www.grupposcada.it\/scada\/wp-content\/uploads\/2017\/10\/sponsor-4-845x684.jpg\" width=\"845\" height=\"684\"  title='sponsor 4' alt='' srcset=\"https:\/\/www.grupposcada.it\/scada\/wp-content\/uploads\/2017\/10\/sponsor-4-845x684.jpg 845w, https:\/\/www.grupposcada.it\/scada\/wp-content\/uploads\/2017\/10\/sponsor-4-495x400.jpg 495w\" sizes=\"(max-width: 845px) 100vw, 845px\" \/><\/a><\/div><\/div><\/p>\n","protected":false},"excerpt":{"rendered":"","protected":false},"author":1,"featured_media":0,"parent":0,"menu_order":9,"comment_status":"closed","ping_status":"closed","template":"","meta":[],"_links":{"self":[{"href":"https:\/\/www.grupposcada.it\/scada\/wp-json\/wp\/v2\/pages\/1243"}],"collection":[{"href":"https:\/\/www.grupposcada.it\/scada\/wp-json\/wp\/v2\/pages"}],"about":[{"href":"https:\/\/www.grupposcada.it\/scada\/wp-json\/wp\/v2\/types\/page"}],"author":[{"embeddable":true,"href":"https:\/\/www.grupposcada.it\/scada\/wp-json\/wp\/v2\/users\/1"}],"replies":[{"embeddable":true,"href":"https:\/\/www.grupposcada.it\/scada\/wp-json\/wp\/v2\/comments?post=1243"}],"version-history":[{"count":41,"href":"https:\/\/www.grupposcada.it\/scada\/wp-json\/wp\/v2\/pages\/1243\/revisions"}],"predecessor-version":[{"id":2431,"href":"https:\/\/www.grupposcada.it\/scada\/wp-json\/wp\/v2\/pages\/1243\/revisions\/2431"}],"wp:attachment":[{"href":"https:\/\/www.grupposcada.it\/scada\/wp-json\/wp\/v2\/media?parent=1243"}],"curies":[{"name":"wp","href":"https:\/\/api.w.org\/{rel}","templated":true}]}}